{"id":8269,"date":"2025-03-16T18:43:44","date_gmt":"2025-03-16T18:43:44","guid":{"rendered":"https:\/\/www.gsandr.pl\/?page_id=8269"},"modified":"2025-08-22T13:28:15","modified_gmt":"2025-08-22T13:28:15","slug":"garmin-open-water","status":"publish","type":"page","link":"https:\/\/www.gsandr.pl\/index.php\/garmin-open-water\/","title":{"rendered":"GARMIN OPEN WATER"},"content":{"rendered":"\t\t<div data-elementor-type=\"wp-page\" data-elementor-id=\"8269\" class=\"elementor elementor-8269\">\n\t\t\t\t\t\t<section class=\"elementor-section elementor-top-section elementor-element elementor-element-f33a445 elementor-section-boxed elementor-section-height-default elementor-section-height-default\" data-id=\"f33a445\" data-element_type=\"section\" data-e-type=\"section\">\n\t\t\t\t\t\t<div class=\"elementor-container elementor-column-gap-default\">\n\t\t\t\t\t<div class=\"elementor-column elementor-col-100 elementor-top-column elementor-element elementor-element-b34ce84\" data-id=\"b34ce84\" data-element_type=\"column\" data-e-type=\"column\">\n\t\t\t<div class=\"elementor-widget-wrap elementor-element-populated\">\n\t\t\t\t\t\t<div class=\"elementor-element elementor-element-05fd89c elementor-widget elementor-widget-image\" data-id=\"05fd89c\" data-element_type=\"widget\" data-e-type=\"widget\" data-widget_type=\"image.default\">\n\t\t\t\t<div class=\"elementor-widget-container\">\n\t\t\t\t\t\t\t\t\t\t\t\t\t\t\t<img fetchpriority=\"high\" decoding=\"async\" width=\"2320\" height=\"500\" src=\"https:\/\/www.gsandr.pl\/wp-content\/uploads\/2025\/05\/Baner-Livetiming-poziom-12.png\" class=\"attachment-full size-full wp-image-8870\" alt=\"\" srcset=\"https:\/\/www.gsandr.pl\/wp-content\/uploads\/2025\/05\/Baner-Livetiming-poziom-12.png 2320w, https:\/\/www.gsandr.pl\/wp-content\/uploads\/2025\/05\/Baner-Livetiming-poziom-12-300x65.png 300w, https:\/\/www.gsandr.pl\/wp-content\/uploads\/2025\/05\/Baner-Livetiming-poziom-12-1024x221.png 1024w, https:\/\/www.gsandr.pl\/wp-content\/uploads\/2025\/05\/Baner-Livetiming-poziom-12-768x166.png 768w, https:\/\/www.gsandr.pl\/wp-content\/uploads\/2025\/05\/Baner-Livetiming-poziom-12-1536x331.png 1536w, https:\/\/www.gsandr.pl\/wp-content\/uploads\/2025\/05\/Baner-Livetiming-poziom-12-2048x441.png 2048w, https:\/\/www.gsandr.pl\/wp-content\/uploads\/2025\/05\/Baner-Livetiming-poziom-12-600x129.png 600w\" sizes=\"(max-width: 2320px) 100vw, 2320px\" \/>\t\t\t\t\t\t\t\t\t\t\t\t\t\t\t<\/div>\n\t\t\t\t<\/div>\n\t\t\t\t\t<\/div>\n\t\t<\/div>\n\t\t\t\t\t<\/div>\n\t\t<\/section>\n\t\t\t\t<section class=\"elementor-section elementor-top-section elementor-element elementor-element-c077d16 elementor-section-boxed elementor-section-height-default elementor-section-height-default\" data-id=\"c077d16\" data-element_type=\"section\" data-e-type=\"section\">\n\t\t\t\t\t\t<div class=\"elementor-container elementor-column-gap-default\">\n\t\t\t\t\t<div class=\"elementor-column elementor-col-100 elementor-top-column elementor-element elementor-element-1e76edf\" data-id=\"1e76edf\" data-element_type=\"column\" data-e-type=\"column\">\n\t\t\t<div class=\"elementor-widget-wrap elementor-element-populated\">\n\t\t\t\t\t\t<div class=\"elementor-element elementor-element-48cbfc9 elementor-widget elementor-widget-text-editor\" data-id=\"48cbfc9\" data-element_type=\"widget\" data-e-type=\"widget\" data-widget_type=\"text-editor.default\">\n\t\t\t\t<div class=\"elementor-widget-container\">\n\t\t\t\t\t\t\t\t\t<p>W dniu 7 czerwca 2025 roku na pla\u017cy Relax Place &amp; Restaurant odby\u0142a si\u0119 pierwsza edycja zawod\u00f3w\u00a0<strong>GARMIN Open Water &amp; Rescue.\u00a0<\/strong><\/p><p>Uczestnicy rywalizowali w wy\u015bcigi na dystansach: 200m (junior), 600m, 1200m, 2400m<\/p><p>Wyniki zawod\u00f3w:\u00a0<strong><a style=\"background-color: #ffffff; letter-spacing: 0px;\" href=\"https:\/\/foxter-sport.pl\/garmin-open-water-2025\">GARMIN OPEN WATER 2025 &#8211; wyniki<\/a><\/strong><\/p>\t\t\t\t\t\t\t\t<\/div>\n\t\t\t\t<\/div>\n\t\t\t\t\t<\/div>\n\t\t<\/div>\n\t\t\t\t\t<\/div>\n\t\t<\/section>\n\t\t\t\t<section class=\"elementor-section elementor-top-section elementor-element elementor-element-5e84482 elementor-section-boxed elementor-section-height-default elementor-section-height-default\" data-id=\"5e84482\" data-element_type=\"section\" data-e-type=\"section\">\n\t\t\t\t\t\t<div class=\"elementor-container elementor-column-gap-default\">\n\t\t\t\t\t<div class=\"elementor-column elementor-col-100 elementor-top-column elementor-element elementor-element-b970cac\" data-id=\"b970cac\" data-element_type=\"column\" data-e-type=\"column\">\n\t\t\t<div class=\"elementor-widget-wrap elementor-element-populated\">\n\t\t\t\t\t\t<div class=\"elementor-element elementor-element-527f94d elementor-widget-divider--view-line elementor-widget elementor-widget-divider\" data-id=\"527f94d\" data-element_type=\"widget\" data-e-type=\"widget\" data-widget_type=\"divider.default\">\n\t\t\t\t<div class=\"elementor-widget-container\">\n\t\t\t\t\t\t\t<div class=\"elementor-divider\">\n\t\t\t<span class=\"elementor-divider-separator\">\n\t\t\t\t\t\t<\/span>\n\t\t<\/div>\n\t\t\t\t\t\t<\/div>\n\t\t\t\t<\/div>\n\t\t\t\t\t<\/div>\n\t\t<\/div>\n\t\t\t\t\t<\/div>\n\t\t<\/section>\n\t\t\t\t<section class=\"elementor-section elementor-top-section elementor-element elementor-element-e3c9641 elementor-section-boxed elementor-section-height-default elementor-section-height-default\" data-id=\"e3c9641\" data-element_type=\"section\" data-e-type=\"section\">\n\t\t\t\t\t\t<div class=\"elementor-container elementor-column-gap-default\">\n\t\t\t\t\t<div class=\"elementor-column elementor-col-100 elementor-top-column elementor-element elementor-element-928f624\" data-id=\"928f624\" data-element_type=\"column\" data-e-type=\"column\">\n\t\t\t<div class=\"elementor-widget-wrap elementor-element-populated\">\n\t\t\t\t\t\t<div class=\"elementor-element elementor-element-71f1afe elementor-widget elementor-widget-text-editor\" data-id=\"71f1afe\" data-element_type=\"widget\" data-e-type=\"widget\" data-widget_type=\"text-editor.default\">\n\t\t\t\t<div class=\"elementor-widget-container\">\n\t\t\t\t\t\t\t\t\t<p><strong>INFORMACJE OG\u00d3LNE<\/strong><\/p>\t\t\t\t\t\t\t\t<\/div>\n\t\t\t\t<\/div>\n\t\t\t\t\t<\/div>\n\t\t<\/div>\n\t\t\t\t\t<\/div>\n\t\t<\/section>\n\t\t\t\t<section class=\"elementor-section elementor-top-section elementor-element elementor-element-aac7b0c elementor-section-boxed elementor-section-height-default elementor-section-height-default\" data-id=\"aac7b0c\" data-element_type=\"section\" data-e-type=\"section\">\n\t\t\t\t\t\t<div class=\"elementor-container elementor-column-gap-default\">\n\t\t\t\t\t<div class=\"elementor-column elementor-col-100 elementor-top-column elementor-element elementor-element-81486df\" data-id=\"81486df\" data-element_type=\"column\" data-e-type=\"column\">\n\t\t\t<div class=\"elementor-widget-wrap elementor-element-populated\">\n\t\t\t\t\t\t<div class=\"elementor-element elementor-element-a378143 elementor-widget elementor-widget-text-editor\" data-id=\"a378143\" data-element_type=\"widget\" data-e-type=\"widget\" data-widget_type=\"text-editor.default\">\n\t\t\t\t<div class=\"elementor-widget-container\">\n\t\t\t\t\t\t\t\t\t<p><b>TERMIN: <\/b>7 czerwca 2025 roku<\/p><p><b>MIEJSCE: <\/b>Jezioro Zegrzy\u0144skie, pla\u017ca Relax place &amp; Restaurant, ul. Warszawska 31, Zegrze P\u0142d.<\/p><p><strong>PARTNERZY:<\/strong>\u00a0<a href=\"https:\/\/www.garmin.com\/pl-PL\/\" target=\"_blank\" rel=\"noopener\">GARMIN Polska<\/a>,\u00a0<a href=\"https:\/\/www.aquaspeed.com.pl\/\" target=\"_blank\" rel=\"noopener\">Aqua Speed<\/a>,\u00a0<a href=\"https:\/\/wmozp.pl\/\" target=\"_blank\" rel=\"noopener\">Warszawsko Mazowiecki Okr\u0119gowy Zwi\u0105zek P\u0142ywacki<\/a>,\u00a0<a href=\"https:\/\/pwkancelaria.pl\/\" target=\"_blank\" rel=\"noopener\">PK. Kancelaria Piotrowski i Wsp\u00f3lnicy<\/a>,\u00a0<a href=\"https:\/\/nivette.pl\/\" target=\"_blank\" rel=\"noopener\">Grupa NIVETTE<\/a>,\u00a0<a style=\"background-color: #ffffff; letter-spacing: 0px;\" href=\"https:\/\/relaxzegrze.pl\/\" target=\"_blank\" rel=\"noopener\">Relax Place &amp; Restaurant<\/a><\/p><p><b>ORGANIZATOR: <\/b>GARMIN Swimming &amp; Rescue<\/p><p><b>PATRONAT MEDIALNY:<\/b>\u00a0<a style=\"background-color: #ffffff; letter-spacing: 0px;\" href=\"https:\/\/www.polskieradio.pl\/10,Czworka\" target=\"_blank\" rel=\"noopener\">Czw\u00f3rka Polskie Radio<\/a><\/p><p><b>REJESTRACJA: <\/b>formularz zg\u0142oszeniowy na dole strony<\/p><p><b>REGULAMIN: <\/b>(do pobrania: <a href=\"https:\/\/www.gsandr.pl\/wp-content\/uploads\/2025\/06\/REGULAMIN-GOW-Zegrze-2025-v2.pdf\">REGULAMIN GOW Zegrze 2025 v2<\/a>)<\/p><p><b>NAGRODY:<\/b> medale i atrakcyjne nagrody od naszych Partner\u00f3w i Organizatora dla zwyci\u0119zc\u00f3w klasyfikacji<\/p><p><b>PIANKI: <\/b>pianki dozwolone<\/p><p><b>BIURO ZAWOD\u00d3W: <\/b>na terenie Relax Place &amp; Restaurant \u2013 <a href=\"https:\/\/www.bing.com\/maps?q=relax+place+and+restaurant&amp;FORM=HDRSC6&amp;cp=52.449604%7E21.01265&amp;lvl=15.8&amp;style=h\">LOKALIZACJA<\/a><\/p><p><b>ODBI\u00d3R PAKIET\u00d3W: <\/b>osobisty odbi\u00f3r pakiet\u00f3w w biurze zawod\u00f3w w godzinach wskazanych w programie po okazaniu:<\/p><ul><li>dowodu to\u017csamo\u015bci ze zdj\u0119ciem,<\/li><li>podpisanej zgody opiekuna prawnego na udzia\u0142 osoby nieletniej.<\/li><\/ul><p><a href=\"https:\/\/www.gsandr.pl\/wp-content\/uploads\/2025\/03\/zgoda-opiekun-2.pdf\">ZGODA OPIEKUNA PRAWNEGO<\/a><\/p><p><strong>UBEZPIECZENIE: <\/strong>Organizator zapewnia zawodnikom ubezpieczenie NNW<\/p><p><strong>CHIP: <\/strong>chip nale\u017cy umie\u015bci\u0107 na lewej nodze na wysoko\u015bci kostki. <br \/>Pami\u0119taj! Przed startem zabrania si\u0119 przechodzenia przez maty pomiarowe z umieszczonym na kostce chipem<\/p><p><b>KOSZT PAKIETU STARTOWEGO: <\/b>150 pln \/ os.(w ramach pakietu mo\u017cna startowa\u0107 w dowolnej liczbie konkurencji). Uczestnicy warsztat\u00f3w Garmin Open Water &#8211; 120 pln \/ os. Kluby i zespo\u0142y (powy\u017cej 5 os\u00f3b) \u2013 100 pln \/ os.<\/p><p><strong>ZG\u0141OSZENIA<\/strong> przez stron\u0119: <strong><a style=\"background-color: #ffffff; letter-spacing: 0px;\" href=\"https:\/\/foxter-sport.pl\/garmin-open-water-2025\">GARMIN OPEN WATER 2025 | Foxter Sport &#8211; pomiar czasu<\/a><span style=\"letter-spacing: 0px;\">\u00a0<\/span><\/strong><\/p><p style=\"margin-left: 14.2pt; text-indent: -14.2pt; mso-list: l0 level1 lfo1;\">\u00a0<\/p>\t\t\t\t\t\t\t\t<\/div>\n\t\t\t\t<\/div>\n\t\t\t\t\t<\/div>\n\t\t<\/div>\n\t\t\t\t\t<\/div>\n\t\t<\/section>\n\t\t\t\t<section class=\"elementor-section elementor-top-section elementor-element elementor-element-fc3c857 elementor-section-boxed elementor-section-height-default elementor-section-height-default\" data-id=\"fc3c857\" data-element_type=\"section\" data-e-type=\"section\">\n\t\t\t\t\t\t<div class=\"elementor-container elementor-column-gap-default\">\n\t\t\t\t\t<div class=\"elementor-column elementor-col-100 elementor-top-column elementor-element elementor-element-ce00eb2\" data-id=\"ce00eb2\" data-element_type=\"column\" data-e-type=\"column\">\n\t\t\t<div class=\"elementor-widget-wrap elementor-element-populated\">\n\t\t\t\t\t\t<div class=\"elementor-element elementor-element-b6c6cd0 elementor-widget-divider--view-line elementor-widget elementor-widget-divider\" data-id=\"b6c6cd0\" data-element_type=\"widget\" data-e-type=\"widget\" data-widget_type=\"divider.default\">\n\t\t\t\t<div class=\"elementor-widget-container\">\n\t\t\t\t\t\t\t<div class=\"elementor-divider\">\n\t\t\t<span class=\"elementor-divider-separator\">\n\t\t\t\t\t\t<\/span>\n\t\t<\/div>\n\t\t\t\t\t\t<\/div>\n\t\t\t\t<\/div>\n\t\t\t\t\t<\/div>\n\t\t<\/div>\n\t\t\t\t\t<\/div>\n\t\t<\/section>\n\t\t\t\t<section class=\"elementor-section elementor-top-section elementor-element elementor-element-e64f19e elementor-section-boxed elementor-section-height-default elementor-section-height-default\" data-id=\"e64f19e\" data-element_type=\"section\" data-e-type=\"section\">\n\t\t\t\t\t\t<div class=\"elementor-container elementor-column-gap-default\">\n\t\t\t\t\t<div class=\"elementor-column elementor-col-50 elementor-top-column elementor-element elementor-element-43ca2ec\" data-id=\"43ca2ec\" data-element_type=\"column\" data-e-type=\"column\">\n\t\t\t<div class=\"elementor-widget-wrap elementor-element-populated\">\n\t\t\t\t\t\t<div class=\"elementor-element elementor-element-1a653a2 elementor-widget elementor-widget-text-editor\" data-id=\"1a653a2\" data-element_type=\"widget\" data-e-type=\"widget\" data-widget_type=\"text-editor.default\">\n\t\t\t\t<div class=\"elementor-widget-container\">\n\t\t\t\t\t\t\t\t\t<p><strong>PAKIETY STARTOWE<\/strong><\/p>\t\t\t\t\t\t\t\t<\/div>\n\t\t\t\t<\/div>\n\t\t\t\t<div class=\"elementor-element elementor-element-1092594 elementor-widget elementor-widget-text-editor\" data-id=\"1092594\" data-element_type=\"widget\" data-e-type=\"widget\" data-widget_type=\"text-editor.default\">\n\t\t\t\t<div class=\"elementor-widget-container\">\n\t\t\t\t\t\t\t\t\t<p>W ramach pakietu startowego GARMIN Open Water 2025, ka\u017cdy zawodnik otrzyma:<\/p><ul><li>zwrotny chip do pomiaru czasu<\/li><li>czepek (obowi\u0105zuje start w czepku dostarczonym przez organizatora)<\/li><li>zabezpieczenie trasy (zawody obs\u0142uguj\u0105 ratownicy wodni)<\/li><li>zabezpieczenie medyczne<\/li><li>nadz\u00f3r s\u0119dzi\u00f3w na trasie zawod\u00f3w<\/li><li>ubezpieczenie NNW<\/li><li>medal za uko\u0144czenie zawod\u00f3w<\/li><li>zni\u017ck\u0119 na zakupy w mobilnym showroomie Garmin<\/li><\/ul><p>Zabrania si\u0119 przekazywania numeru startowego\/chipa\u00a0innej osobie bez uprzedniej zgody Organizatora.\u00a0<\/p>\t\t\t\t\t\t\t\t<\/div>\n\t\t\t\t<\/div>\n\t\t\t\t\t<\/div>\n\t\t<\/div>\n\t\t\t\t<div class=\"elementor-column elementor-col-50 elementor-top-column elementor-element elementor-element-083db91\" data-id=\"083db91\" data-element_type=\"column\" data-e-type=\"column\">\n\t\t\t<div class=\"elementor-widget-wrap elementor-element-populated\">\n\t\t\t\t\t\t<div class=\"elementor-element elementor-element-072417e elementor-widget elementor-widget-text-editor\" data-id=\"072417e\" data-element_type=\"widget\" data-e-type=\"widget\" data-widget_type=\"text-editor.default\">\n\t\t\t\t<div class=\"elementor-widget-container\">\n\t\t\t\t\t\t\t\t\t<p><strong>PROGRAM ZAWOD\u00d3W<\/strong><\/p>\t\t\t\t\t\t\t\t<\/div>\n\t\t\t\t<\/div>\n\t\t\t\t<div class=\"elementor-element elementor-element-25ce422 elementor-widget elementor-widget-text-editor\" data-id=\"25ce422\" data-element_type=\"widget\" data-e-type=\"widget\" data-widget_type=\"text-editor.default\">\n\t\t\t\t<div class=\"elementor-widget-container\">\n\t\t\t\t\t\t\t\t\t<p><strong>Sobota, 7 czerwca 2025 roku<\/strong><\/p><p>11:00 \u2013 12:30 wydawanie pakiet\u00f3w startowych (biuro zawod\u00f3w)<\/p><p>13:00 &#8211; start na dystansie 200m (JUNIOR)<\/p><p>13:10 &#8211; start na dystansie 600m (limit czasu: 15&#8242;)<\/p><p>13:30 &#8211; start na dystansie 1200m\u00a0<span style=\"letter-spacing: 0px;\">(limit czasu: 40&#8242;)<\/span><\/p><p>14:15 &#8211; start na dystansie 2400m\u00a0<span style=\"letter-spacing: 0px;\">(limit czasu: 1:20&#8242;)<\/span><\/p><p>15:45 &#8211; ceremonia medalowa JUNIOR<\/p><p>15:55 &#8211;\u00a0<span style=\"letter-spacing: 0px;\">ceremonia medalowa za pozosta\u0142e dystanse<\/span><\/p><p>16:30 &#8211; oficjalne zako\u0144czenie zawod\u00f3w<\/p><p>Organizator zastrzega sobie prawo do zmian w programie.\u00a0<\/p>\t\t\t\t\t\t\t\t<\/div>\n\t\t\t\t<\/div>\n\t\t\t\t\t<\/div>\n\t\t<\/div>\n\t\t\t\t\t<\/div>\n\t\t<\/section>\n\t\t\t\t<section class=\"elementor-section elementor-top-section elementor-element elementor-element-81af653 elementor-section-boxed elementor-section-height-default elementor-section-height-default\" data-id=\"81af653\" data-element_type=\"section\" data-e-type=\"section\">\n\t\t\t\t\t\t<div class=\"elementor-container elementor-column-gap-default\">\n\t\t\t\t\t<div class=\"elementor-column elementor-col-100 elementor-top-column elementor-element elementor-element-03512a7\" data-id=\"03512a7\" data-element_type=\"column\" data-e-type=\"column\">\n\t\t\t<div class=\"elementor-widget-wrap elementor-element-populated\">\n\t\t\t\t\t\t<div class=\"elementor-element elementor-element-5f9d95b elementor-widget-divider--view-line elementor-widget elementor-widget-divider\" data-id=\"5f9d95b\" data-element_type=\"widget\" data-e-type=\"widget\" data-widget_type=\"divider.default\">\n\t\t\t\t<div class=\"elementor-widget-container\">\n\t\t\t\t\t\t\t<div class=\"elementor-divider\">\n\t\t\t<span class=\"elementor-divider-separator\">\n\t\t\t\t\t\t<\/span>\n\t\t<\/div>\n\t\t\t\t\t\t<\/div>\n\t\t\t\t<\/div>\n\t\t\t\t\t<\/div>\n\t\t<\/div>\n\t\t\t\t\t<\/div>\n\t\t<\/section>\n\t\t\t\t<section class=\"elementor-section elementor-top-section elementor-element elementor-element-4acd674 elementor-section-boxed elementor-section-height-default elementor-section-height-default\" data-id=\"4acd674\" data-element_type=\"section\" data-e-type=\"section\">\n\t\t\t\t\t\t<div class=\"elementor-container elementor-column-gap-default\">\n\t\t\t\t\t<div class=\"elementor-column elementor-col-100 elementor-top-column elementor-element elementor-element-2b4e9c4\" data-id=\"2b4e9c4\" data-element_type=\"column\" data-e-type=\"column\">\n\t\t\t<div class=\"elementor-widget-wrap elementor-element-populated\">\n\t\t\t\t\t\t<div class=\"elementor-element elementor-element-270fa71 elementor-widget elementor-widget-text-editor\" data-id=\"270fa71\" data-element_type=\"widget\" data-e-type=\"widget\" data-widget_type=\"text-editor.default\">\n\t\t\t\t<div class=\"elementor-widget-container\">\n\t\t\t\t\t\t\t\t\t<p><strong>TRASA<\/strong><\/p>\t\t\t\t\t\t\t\t<\/div>\n\t\t\t\t<\/div>\n\t\t\t\t\t<\/div>\n\t\t<\/div>\n\t\t\t\t\t<\/div>\n\t\t<\/section>\n\t\t\t\t<section class=\"elementor-section elementor-top-section elementor-element elementor-element-2b35716 elementor-section-boxed elementor-section-height-default elementor-section-height-default\" data-id=\"2b35716\" data-element_type=\"section\" data-e-type=\"section\">\n\t\t\t\t\t\t<div class=\"elementor-container elementor-column-gap-default\">\n\t\t\t\t\t<div class=\"elementor-column elementor-col-100 elementor-top-column elementor-element elementor-element-ca2136c\" data-id=\"ca2136c\" data-element_type=\"column\" data-e-type=\"column\">\n\t\t\t<div class=\"elementor-widget-wrap elementor-element-populated\">\n\t\t\t\t\t\t<div class=\"elementor-element elementor-element-fd22659 elementor-widget elementor-widget-image\" data-id=\"fd22659\" data-element_type=\"widget\" data-e-type=\"widget\" data-widget_type=\"image.default\">\n\t\t\t\t<div class=\"elementor-widget-container\">\n\t\t\t\t\t\t\t\t\t\t\t\t\t\t\t<img decoding=\"async\" width=\"2000\" height=\"1414\" src=\"https:\/\/www.gsandr.pl\/wp-content\/uploads\/2025\/03\/SWIADCZENIE-\u2013AQUA-SPEED-OPEN-WATER-SERIES-SLESIN-2025-dystans-plywania-0475-KM-095-KM-19-KM-38-KM-SLESIN-14.06.2025-\u2013-AQUA-SPEED-JUNIOR-SLESIN-2025-14.06.2025-1.-Oswiadczam-ze-wyraz.png\" class=\"attachment-full size-full wp-image-8306\" alt=\"\" srcset=\"https:\/\/www.gsandr.pl\/wp-content\/uploads\/2025\/03\/SWIADCZENIE-\u2013AQUA-SPEED-OPEN-WATER-SERIES-SLESIN-2025-dystans-plywania-0475-KM-095-KM-19-KM-38-KM-SLESIN-14.06.2025-\u2013-AQUA-SPEED-JUNIOR-SLESIN-2025-14.06.2025-1.-Oswiadczam-ze-wyraz.png 2000w, https:\/\/www.gsandr.pl\/wp-content\/uploads\/2025\/03\/SWIADCZENIE-\u2013AQUA-SPEED-OPEN-WATER-SERIES-SLESIN-2025-dystans-plywania-0475-KM-095-KM-19-KM-38-KM-SLESIN-14.06.2025-\u2013-AQUA-SPEED-JUNIOR-SLESIN-2025-14.06.2025-1.-Oswiadczam-ze-wyraz-300x212.png 300w, https:\/\/www.gsandr.pl\/wp-content\/uploads\/2025\/03\/SWIADCZENIE-\u2013AQUA-SPEED-OPEN-WATER-SERIES-SLESIN-2025-dystans-plywania-0475-KM-095-KM-19-KM-38-KM-SLESIN-14.06.2025-\u2013-AQUA-SPEED-JUNIOR-SLESIN-2025-14.06.2025-1.-Oswiadczam-ze-wyraz-1024x724.png 1024w, https:\/\/www.gsandr.pl\/wp-content\/uploads\/2025\/03\/SWIADCZENIE-\u2013AQUA-SPEED-OPEN-WATER-SERIES-SLESIN-2025-dystans-plywania-0475-KM-095-KM-19-KM-38-KM-SLESIN-14.06.2025-\u2013-AQUA-SPEED-JUNIOR-SLESIN-2025-14.06.2025-1.-Oswiadczam-ze-wyraz-768x543.png 768w, https:\/\/www.gsandr.pl\/wp-content\/uploads\/2025\/03\/SWIADCZENIE-\u2013AQUA-SPEED-OPEN-WATER-SERIES-SLESIN-2025-dystans-plywania-0475-KM-095-KM-19-KM-38-KM-SLESIN-14.06.2025-\u2013-AQUA-SPEED-JUNIOR-SLESIN-2025-14.06.2025-1.-Oswiadczam-ze-wyraz-1536x1086.png 1536w, https:\/\/www.gsandr.pl\/wp-content\/uploads\/2025\/03\/SWIADCZENIE-\u2013AQUA-SPEED-OPEN-WATER-SERIES-SLESIN-2025-dystans-plywania-0475-KM-095-KM-19-KM-38-KM-SLESIN-14.06.2025-\u2013-AQUA-SPEED-JUNIOR-SLESIN-2025-14.06.2025-1.-Oswiadczam-ze-wyraz-600x424.png 600w\" sizes=\"(max-width: 2000px) 100vw, 2000px\" \/>\t\t\t\t\t\t\t\t\t\t\t\t\t\t\t<\/div>\n\t\t\t\t<\/div>\n\t\t\t\t<div class=\"elementor-element elementor-element-c32a22b elementor-widget-divider--view-line elementor-widget elementor-widget-divider\" data-id=\"c32a22b\" data-element_type=\"widget\" data-e-type=\"widget\" data-widget_type=\"divider.default\">\n\t\t\t\t<div class=\"elementor-widget-container\">\n\t\t\t\t\t\t\t<div class=\"elementor-divider\">\n\t\t\t<span class=\"elementor-divider-separator\">\n\t\t\t\t\t\t<\/span>\n\t\t<\/div>\n\t\t\t\t\t\t<\/div>\n\t\t\t\t<\/div>\n\t\t\t\t\t<\/div>\n\t\t<\/div>\n\t\t\t\t\t<\/div>\n\t\t<\/section>\n\t\t\t\t<section class=\"elementor-section elementor-top-section elementor-element elementor-element-3b7ecf9 elementor-section-boxed elementor-section-height-default elementor-section-height-default\" data-id=\"3b7ecf9\" data-element_type=\"section\" data-e-type=\"section\">\n\t\t\t\t\t\t<div class=\"elementor-container elementor-column-gap-default\">\n\t\t\t\t\t<div class=\"elementor-column elementor-col-50 elementor-top-column elementor-element elementor-element-45bebb9\" data-id=\"45bebb9\" data-element_type=\"column\" data-e-type=\"column\">\n\t\t\t<div class=\"elementor-widget-wrap elementor-element-populated\">\n\t\t\t\t\t\t<div class=\"elementor-element elementor-element-5e28c07 elementor-widget elementor-widget-image\" data-id=\"5e28c07\" data-element_type=\"widget\" data-e-type=\"widget\" data-widget_type=\"image.default\">\n\t\t\t\t<div class=\"elementor-widget-container\">\n\t\t\t\t\t\t\t\t\t\t\t\t\t\t\t<img decoding=\"async\" width=\"1023\" height=\"1024\" src=\"https:\/\/www.gsandr.pl\/wp-content\/uploads\/2023\/08\/IMG-20230826-WA0034.jpg\" class=\"attachment-large size-large wp-image-4352\" alt=\"\" srcset=\"https:\/\/www.gsandr.pl\/wp-content\/uploads\/2023\/08\/IMG-20230826-WA0034.jpg 1023w, https:\/\/www.gsandr.pl\/wp-content\/uploads\/2023\/08\/IMG-20230826-WA0034-300x300.jpg 300w, https:\/\/www.gsandr.pl\/wp-content\/uploads\/2023\/08\/IMG-20230826-WA0034-150x150.jpg 150w, https:\/\/www.gsandr.pl\/wp-content\/uploads\/2023\/08\/IMG-20230826-WA0034-768x769.jpg 768w, https:\/\/www.gsandr.pl\/wp-content\/uploads\/2023\/08\/IMG-20230826-WA0034-600x601.jpg 600w, https:\/\/www.gsandr.pl\/wp-content\/uploads\/2023\/08\/IMG-20230826-WA0034-100x100.jpg 100w\" sizes=\"(max-width: 1023px) 100vw, 1023px\" \/>\t\t\t\t\t\t\t\t\t\t\t\t\t\t\t<\/div>\n\t\t\t\t<\/div>\n\t\t\t\t\t<\/div>\n\t\t<\/div>\n\t\t\t\t<div class=\"elementor-column elementor-col-50 elementor-top-column elementor-element elementor-element-43335bc\" data-id=\"43335bc\" data-element_type=\"column\" data-e-type=\"column\">\n\t\t\t<div class=\"elementor-widget-wrap elementor-element-populated\">\n\t\t\t\t\t\t<div class=\"elementor-element elementor-element-f12105a elementor-widget elementor-widget-image\" data-id=\"f12105a\" data-element_type=\"widget\" data-e-type=\"widget\" data-widget_type=\"image.default\">\n\t\t\t\t<div class=\"elementor-widget-container\">\n\t\t\t\t\t\t\t\t\t\t\t\t\t\t\t<img loading=\"lazy\" decoding=\"async\" width=\"1023\" height=\"1024\" src=\"https:\/\/www.gsandr.pl\/wp-content\/uploads\/2023\/08\/IMG-20230826-WA0017.jpg\" class=\"attachment-large size-large wp-image-4347\" alt=\"\" srcset=\"https:\/\/www.gsandr.pl\/wp-content\/uploads\/2023\/08\/IMG-20230826-WA0017.jpg 1023w, https:\/\/www.gsandr.pl\/wp-content\/uploads\/2023\/08\/IMG-20230826-WA0017-300x300.jpg 300w, https:\/\/www.gsandr.pl\/wp-content\/uploads\/2023\/08\/IMG-20230826-WA0017-150x150.jpg 150w, https:\/\/www.gsandr.pl\/wp-content\/uploads\/2023\/08\/IMG-20230826-WA0017-768x769.jpg 768w, https:\/\/www.gsandr.pl\/wp-content\/uploads\/2023\/08\/IMG-20230826-WA0017-600x601.jpg 600w, https:\/\/www.gsandr.pl\/wp-content\/uploads\/2023\/08\/IMG-20230826-WA0017-100x100.jpg 100w\" sizes=\"(max-width: 1023px) 100vw, 1023px\" \/>\t\t\t\t\t\t\t\t\t\t\t\t\t\t\t<\/div>\n\t\t\t\t<\/div>\n\t\t\t\t\t<\/div>\n\t\t<\/div>\n\t\t\t\t\t<\/div>\n\t\t<\/section>\n\t\t\t\t<\/div>\n\t\t","protected":false},"excerpt":{"rendered":"<p>W dniu 7 czerwca 2025 roku na pla\u017cy Relax Place &amp; Restaurant odby\u0142a si\u0119 pierwsza edycja zawod\u00f3w\u00a0GARMIN Open Water &amp; Rescue.\u00a0 Uczestnicy rywalizowali w wy\u015bcigi na dystansach: 200m (junior), 600m, 1200m, 2400m Wyniki zawod\u00f3w:\u00a0GARMIN OPEN WATER 2025 &#8211; wyniki INFORMACJE OG\u00d3LNE TERMIN: 7 czerwca 2025 roku MIEJSCE: Jezioro Zegrzy\u0144skie, pla\u017ca Relax place &amp; Restaurant, ul.&hellip;<\/p>\n","protected":false},"author":1,"featured_media":0,"parent":0,"menu_order":0,"comment_status":"closed","ping_status":"closed","template":"","meta":{"om_disable_all_campaigns":false,"_monsterinsights_skip_tracking":false,"_monsterinsights_sitenote_active":false,"_monsterinsights_sitenote_note":"","_monsterinsights_sitenote_category":0,"postBodyCss":"","postBodyMargin":[],"postBodyPadding":[],"postBodyBackground":{"backgroundType":"classic","gradient":""},"footnotes":""},"class_list":["post-8269","page","type-page","status-publish","hentry"],"aioseo_notices":[],"_links":{"self":[{"href":"https:\/\/www.gsandr.pl\/index.php\/wp-json\/wp\/v2\/pages\/8269","targetHints":{"allow":["GET"]}}],"collection":[{"href":"https:\/\/www.gsandr.pl\/index.php\/wp-json\/wp\/v2\/pages"}],"about":[{"href":"https:\/\/www.gsandr.pl\/index.php\/wp-json\/wp\/v2\/types\/page"}],"author":[{"embeddable":true,"href":"https:\/\/www.gsandr.pl\/index.php\/wp-json\/wp\/v2\/users\/1"}],"replies":[{"embeddable":true,"href":"https:\/\/www.gsandr.pl\/index.php\/wp-json\/wp\/v2\/comments?post=8269"}],"version-history":[{"count":154,"href":"https:\/\/www.gsandr.pl\/index.php\/wp-json\/wp\/v2\/pages\/8269\/revisions"}],"predecessor-version":[{"id":9136,"href":"https:\/\/www.gsandr.pl\/index.php\/wp-json\/wp\/v2\/pages\/8269\/revisions\/9136"}],"wp:attachment":[{"href":"https:\/\/www.gsandr.pl\/index.php\/wp-json\/wp\/v2\/media?parent=8269"}],"curies":[{"name":"wp","href":"https:\/\/api.w.org\/{rel}","templated":true}]}}