{"id":6280,"date":"2024-06-17T13:33:30","date_gmt":"2024-06-17T13:33:30","guid":{"rendered":"https:\/\/www.gsandr.pl\/?page_id=6280"},"modified":"2024-06-21T13:25:00","modified_gmt":"2024-06-21T13:25:00","slug":"pierwsza-pomoc","status":"publish","type":"page","link":"https:\/\/www.gsandr.pl\/index.php\/pierwsza-pomoc\/","title":{"rendered":"PIERWSZA POMOC"},"content":{"rendered":"\t\t<div data-elementor-type=\"wp-page\" data-elementor-id=\"6280\" class=\"elementor elementor-6280\">\n\t\t\t\t\t\t<section class=\"elementor-section elementor-top-section elementor-element elementor-element-c4af8ad elementor-section-boxed elementor-section-height-default elementor-section-height-default\" data-id=\"c4af8ad\" data-element_type=\"section\" data-e-type=\"section\">\n\t\t\t\t\t\t<div class=\"elementor-container elementor-column-gap-default\">\n\t\t\t\t\t<div class=\"elementor-column elementor-col-50 elementor-top-column elementor-element elementor-element-0631827\" data-id=\"0631827\" data-element_type=\"column\" data-e-type=\"column\">\n\t\t\t<div class=\"elementor-widget-wrap elementor-element-populated\">\n\t\t\t\t\t\t<div class=\"elementor-element elementor-element-f3b1b7f elementor-widget elementor-widget-image\" data-id=\"f3b1b7f\" data-element_type=\"widget\" data-e-type=\"widget\" data-widget_type=\"image.default\">\n\t\t\t\t<div class=\"elementor-widget-container\">\n\t\t\t\t\t\t\t\t\t\t\t\t\t\t\t<img fetchpriority=\"high\" decoding=\"async\" width=\"1024\" height=\"1024\" src=\"https:\/\/www.gsandr.pl\/wp-content\/uploads\/2024\/06\/PP-1-1024x1024.png\" class=\"attachment-large size-large wp-image-6289\" alt=\"\" srcset=\"https:\/\/www.gsandr.pl\/wp-content\/uploads\/2024\/06\/PP-1-1024x1024.png 1024w, https:\/\/www.gsandr.pl\/wp-content\/uploads\/2024\/06\/PP-1-300x300.png 300w, https:\/\/www.gsandr.pl\/wp-content\/uploads\/2024\/06\/PP-1-150x150.png 150w, https:\/\/www.gsandr.pl\/wp-content\/uploads\/2024\/06\/PP-1-768x768.png 768w, https:\/\/www.gsandr.pl\/wp-content\/uploads\/2024\/06\/PP-1-600x600.png 600w, https:\/\/www.gsandr.pl\/wp-content\/uploads\/2024\/06\/PP-1-100x100.png 100w, https:\/\/www.gsandr.pl\/wp-content\/uploads\/2024\/06\/PP-1.png 1080w\" sizes=\"(max-width: 1024px) 100vw, 1024px\" \/>\t\t\t\t\t\t\t\t\t\t\t\t\t\t\t<\/div>\n\t\t\t\t<\/div>\n\t\t\t\t\t<\/div>\n\t\t<\/div>\n\t\t\t\t<div class=\"elementor-column elementor-col-50 elementor-top-column elementor-element elementor-element-f1e71c1\" data-id=\"f1e71c1\" data-element_type=\"column\" data-e-type=\"column\">\n\t\t\t<div class=\"elementor-widget-wrap elementor-element-populated\">\n\t\t\t\t\t\t<div class=\"elementor-element elementor-element-0568fa6 elementor-widget elementor-widget-text-editor\" data-id=\"0568fa6\" data-element_type=\"widget\" data-e-type=\"widget\" data-widget_type=\"text-editor.default\">\n\t\t\t\t<div class=\"elementor-widget-container\">\n\t\t\t\t\t\t\t\t\t<p><b>AKCJA<\/b>: warsztaty z udzielania pierwszej pomocy przedmedycznej<\/p><p><strong>TERMIN<\/strong>: 20 czerwca 2024, godz.: 15:00-19:00<\/p><p><strong>MIEJSCE<\/strong>: Centrum Sportowo Rehabilitacyjne WUM<\/p><p><strong>ORGANIZATORZY<\/strong>: <a href=\"http:\/\/csr.wum.edu.pl\/\">CSR WUM<\/a>, GARMIN Swimming &amp; Rescue, <a href=\"https:\/\/www.mniejszyblekit.pl\/\">Fundacja Mniejszy B\u0142\u0119kit<\/a><\/p><p><strong style=\"letter-spacing: 0px;\">PARTNER:<\/strong><span style=\"letter-spacing: 0px;\">\u00a0<a href=\"https:\/\/www.garmin.com\/pl-PL\/\">GARMIN Polska<\/a><\/span><\/p><p><b>KOSZT<\/b>:<b> <\/b>udzia\u0142 w warsztatach jest BEZP\u0141ATNY!<\/p><p><b>WARUNKI UCZESTNICTWA<\/b>: uko\u0144czone 18 lat, przes\u0142anie formularza zg\u0142oszeniowego.\u00a0<\/p><p><span style=\"letter-spacing: 0px;\"><b>SESJE<\/b>: 1 \u2013 15:00-16:00, 2<\/span><span style=\"letter-spacing: 0px;\">\u00a0\u2013 16:00-17:00,\u00a0<\/span><span style=\"letter-spacing: 0px;\">3 \u2013 17:00-18:00, 4<\/span><span style=\"letter-spacing: 0px;\">\u00a0\u2013 18:00-19:00<\/span><\/p>\t\t\t\t\t\t\t\t<\/div>\n\t\t\t\t<\/div>\n\t\t\t\t\t<\/div>\n\t\t<\/div>\n\t\t\t\t\t<\/div>\n\t\t<\/section>\n\t\t\t\t<section class=\"elementor-section elementor-top-section elementor-element elementor-element-464df26 elementor-section-boxed elementor-section-height-default elementor-section-height-default\" data-id=\"464df26\" data-element_type=\"section\" data-e-type=\"section\">\n\t\t\t\t\t\t<div class=\"elementor-container elementor-column-gap-default\">\n\t\t\t\t\t<div class=\"elementor-column elementor-col-100 elementor-top-column elementor-element elementor-element-e3ea710\" data-id=\"e3ea710\" data-element_type=\"column\" data-e-type=\"column\">\n\t\t\t<div class=\"elementor-widget-wrap elementor-element-populated\">\n\t\t\t\t\t\t<div class=\"elementor-element elementor-element-2e11d7d elementor-widget-divider--view-line elementor-widget elementor-widget-divider\" data-id=\"2e11d7d\" data-element_type=\"widget\" data-e-type=\"widget\" data-widget_type=\"divider.default\">\n\t\t\t\t<div class=\"elementor-widget-container\">\n\t\t\t\t\t\t\t<div class=\"elementor-divider\">\n\t\t\t<span class=\"elementor-divider-separator\">\n\t\t\t\t\t\t<\/span>\n\t\t<\/div>\n\t\t\t\t\t\t<\/div>\n\t\t\t\t<\/div>\n\t\t\t\t\t<\/div>\n\t\t<\/div>\n\t\t\t\t\t<\/div>\n\t\t<\/section>\n\t\t\t\t<section class=\"elementor-section elementor-top-section elementor-element elementor-element-6b1bfce elementor-section-boxed elementor-section-height-default elementor-section-height-default\" data-id=\"6b1bfce\" data-element_type=\"section\" data-e-type=\"section\">\n\t\t\t\t\t\t<div class=\"elementor-container elementor-column-gap-default\">\n\t\t\t\t\t<div class=\"elementor-column elementor-col-100 elementor-top-column elementor-element elementor-element-e2d6137\" data-id=\"e2d6137\" data-element_type=\"column\" data-e-type=\"column\">\n\t\t\t<div class=\"elementor-widget-wrap elementor-element-populated\">\n\t\t\t\t\t\t<div class=\"elementor-element elementor-element-05b2aec elementor-widget elementor-widget-image-gallery\" data-id=\"05b2aec\" data-element_type=\"widget\" data-e-type=\"widget\" data-widget_type=\"image-gallery.default\">\n\t\t\t\t<div class=\"elementor-widget-container\">\n\t\t\t\t\t\t\t<div class=\"elementor-image-gallery\">\n\t\t\t\n\t\t<style type=\"text\/css\">\n\t\t\t#gallery-10 {\n\t\t\t\tmargin: auto;\n\t\t\t}\n\t\t\t#gallery-10 .gallery-item {\n\t\t\t\tfloat: left;\n\t\t\t\tmargin-top: 10px;\n\t\t\t\ttext-align: center;\n\t\t\t\twidth: 20%;\n\t\t\t}\n\t\t\t#gallery-10 img {\n\t\t\t\tborder: 2px solid #cfcfcf;\n\t\t\t}\n\t\t\t#gallery-10 .gallery-caption {\n\t\t\t\tmargin-left: 0;\n\t\t\t}\n\t\t\t\/* see gallery_shortcode() in wp-includes\/media.php *\/\n\t\t<\/style>\n\t\t<div id='gallery-10' class='gallery galleryid-6280 gallery-columns-5 gallery-size-thumbnail'><dl class='gallery-item'>\n\t\t\t<dt class='gallery-icon portrait'>\n\t\t\t\t<a data-elementor-open-lightbox=\"yes\" data-elementor-lightbox-slideshow=\"05b2aec\" data-elementor-lightbox-title=\"IMG_6880\" data-e-action-hash=\"#elementor-action%3Aaction%3Dlightbox%26settings%3DeyJpZCI6NjM2NiwidXJsIjoiaHR0cHM6XC9cL3d3dy5nc2FuZHIucGxcL3dwLWNvbnRlbnRcL3VwbG9hZHNcLzIwMjRcLzA2XC9JTUdfNjg4MC1zY2FsZWQuanBnIiwic2xpZGVzaG93IjoiMDViMmFlYyJ9\" href='https:\/\/www.gsandr.pl\/wp-content\/uploads\/2024\/06\/IMG_6880-scaled.jpg'><img decoding=\"async\" width=\"150\" height=\"150\" src=\"https:\/\/www.gsandr.pl\/wp-content\/uploads\/2024\/06\/IMG_6880-150x150.jpg\" class=\"attachment-thumbnail size-thumbnail\" alt=\"\" srcset=\"https:\/\/www.gsandr.pl\/wp-content\/uploads\/2024\/06\/IMG_6880-150x150.jpg 150w, https:\/\/www.gsandr.pl\/wp-content\/uploads\/2024\/06\/IMG_6880-300x300.jpg 300w, https:\/\/www.gsandr.pl\/wp-content\/uploads\/2024\/06\/IMG_6880-100x100.jpg 100w\" sizes=\"(max-width: 150px) 100vw, 150px\" \/><\/a>\n\t\t\t<\/dt><\/dl><dl class='gallery-item'>\n\t\t\t<dt class='gallery-icon portrait'>\n\t\t\t\t<a data-elementor-open-lightbox=\"yes\" data-elementor-lightbox-slideshow=\"05b2aec\" data-elementor-lightbox-title=\"IMG_6886\" data-e-action-hash=\"#elementor-action%3Aaction%3Dlightbox%26settings%3DeyJpZCI6NjM2NywidXJsIjoiaHR0cHM6XC9cL3d3dy5nc2FuZHIucGxcL3dwLWNvbnRlbnRcL3VwbG9hZHNcLzIwMjRcLzA2XC9JTUdfNjg4Ni1zY2FsZWQuanBnIiwic2xpZGVzaG93IjoiMDViMmFlYyJ9\" href='https:\/\/www.gsandr.pl\/wp-content\/uploads\/2024\/06\/IMG_6886-scaled.jpg'><img decoding=\"async\" width=\"150\" height=\"150\" src=\"https:\/\/www.gsandr.pl\/wp-content\/uploads\/2024\/06\/IMG_6886-150x150.jpg\" class=\"attachment-thumbnail size-thumbnail\" alt=\"\" srcset=\"https:\/\/www.gsandr.pl\/wp-content\/uploads\/2024\/06\/IMG_6886-150x150.jpg 150w, https:\/\/www.gsandr.pl\/wp-content\/uploads\/2024\/06\/IMG_6886-300x300.jpg 300w, https:\/\/www.gsandr.pl\/wp-content\/uploads\/2024\/06\/IMG_6886-100x100.jpg 100w\" sizes=\"(max-width: 150px) 100vw, 150px\" \/><\/a>\n\t\t\t<\/dt><\/dl><dl class='gallery-item'>\n\t\t\t<dt class='gallery-icon portrait'>\n\t\t\t\t<a data-elementor-open-lightbox=\"yes\" data-elementor-lightbox-slideshow=\"05b2aec\" data-elementor-lightbox-title=\"IMG_6890\" data-e-action-hash=\"#elementor-action%3Aaction%3Dlightbox%26settings%3DeyJpZCI6NjM2OSwidXJsIjoiaHR0cHM6XC9cL3d3dy5nc2FuZHIucGxcL3dwLWNvbnRlbnRcL3VwbG9hZHNcLzIwMjRcLzA2XC9JTUdfNjg5MC1zY2FsZWQuanBnIiwic2xpZGVzaG93IjoiMDViMmFlYyJ9\" href='https:\/\/www.gsandr.pl\/wp-content\/uploads\/2024\/06\/IMG_6890-scaled.jpg'><img loading=\"lazy\" decoding=\"async\" width=\"150\" height=\"150\" src=\"https:\/\/www.gsandr.pl\/wp-content\/uploads\/2024\/06\/IMG_6890-150x150.jpg\" class=\"attachment-thumbnail size-thumbnail\" alt=\"\" srcset=\"https:\/\/www.gsandr.pl\/wp-content\/uploads\/2024\/06\/IMG_6890-150x150.jpg 150w, https:\/\/www.gsandr.pl\/wp-content\/uploads\/2024\/06\/IMG_6890-300x300.jpg 300w, https:\/\/www.gsandr.pl\/wp-content\/uploads\/2024\/06\/IMG_6890-100x100.jpg 100w\" sizes=\"(max-width: 150px) 100vw, 150px\" \/><\/a>\n\t\t\t<\/dt><\/dl><dl class='gallery-item'>\n\t\t\t<dt class='gallery-icon portrait'>\n\t\t\t\t<a data-elementor-open-lightbox=\"yes\" data-elementor-lightbox-slideshow=\"05b2aec\" data-elementor-lightbox-title=\"IMG_6893\" data-e-action-hash=\"#elementor-action%3Aaction%3Dlightbox%26settings%3DeyJpZCI6NjM3MCwidXJsIjoiaHR0cHM6XC9cL3d3dy5nc2FuZHIucGxcL3dwLWNvbnRlbnRcL3VwbG9hZHNcLzIwMjRcLzA2XC9JTUdfNjg5My1zY2FsZWQuanBnIiwic2xpZGVzaG93IjoiMDViMmFlYyJ9\" href='https:\/\/www.gsandr.pl\/wp-content\/uploads\/2024\/06\/IMG_6893-scaled.jpg'><img loading=\"lazy\" decoding=\"async\" width=\"150\" height=\"150\" src=\"https:\/\/www.gsandr.pl\/wp-content\/uploads\/2024\/06\/IMG_6893-150x150.jpg\" class=\"attachment-thumbnail size-thumbnail\" alt=\"\" srcset=\"https:\/\/www.gsandr.pl\/wp-content\/uploads\/2024\/06\/IMG_6893-150x150.jpg 150w, https:\/\/www.gsandr.pl\/wp-content\/uploads\/2024\/06\/IMG_6893-300x300.jpg 300w, https:\/\/www.gsandr.pl\/wp-content\/uploads\/2024\/06\/IMG_6893-100x100.jpg 100w\" sizes=\"(max-width: 150px) 100vw, 150px\" \/><\/a>\n\t\t\t<\/dt><\/dl><dl class='gallery-item'>\n\t\t\t<dt class='gallery-icon portrait'>\n\t\t\t\t<a data-elementor-open-lightbox=\"yes\" data-elementor-lightbox-slideshow=\"05b2aec\" data-elementor-lightbox-title=\"IMG_6899\" data-e-action-hash=\"#elementor-action%3Aaction%3Dlightbox%26settings%3DeyJpZCI6NjM3MSwidXJsIjoiaHR0cHM6XC9cL3d3dy5nc2FuZHIucGxcL3dwLWNvbnRlbnRcL3VwbG9hZHNcLzIwMjRcLzA2XC9JTUdfNjg5OS1zY2FsZWQuanBnIiwic2xpZGVzaG93IjoiMDViMmFlYyJ9\" href='https:\/\/www.gsandr.pl\/wp-content\/uploads\/2024\/06\/IMG_6899-scaled.jpg'><img loading=\"lazy\" decoding=\"async\" width=\"150\" height=\"150\" src=\"https:\/\/www.gsandr.pl\/wp-content\/uploads\/2024\/06\/IMG_6899-150x150.jpg\" class=\"attachment-thumbnail size-thumbnail\" alt=\"\" srcset=\"https:\/\/www.gsandr.pl\/wp-content\/uploads\/2024\/06\/IMG_6899-150x150.jpg 150w, https:\/\/www.gsandr.pl\/wp-content\/uploads\/2024\/06\/IMG_6899-300x300.jpg 300w, https:\/\/www.gsandr.pl\/wp-content\/uploads\/2024\/06\/IMG_6899-100x100.jpg 100w\" sizes=\"(max-width: 150px) 100vw, 150px\" \/><\/a>\n\t\t\t<\/dt><\/dl><br style=\"clear: both\" \/><dl class='gallery-item'>\n\t\t\t<dt class='gallery-icon portrait'>\n\t\t\t\t<a data-elementor-open-lightbox=\"yes\" data-elementor-lightbox-slideshow=\"05b2aec\" data-elementor-lightbox-title=\"IMG_6900\" data-e-action-hash=\"#elementor-action%3Aaction%3Dlightbox%26settings%3DeyJpZCI6NjM3MiwidXJsIjoiaHR0cHM6XC9cL3d3dy5nc2FuZHIucGxcL3dwLWNvbnRlbnRcL3VwbG9hZHNcLzIwMjRcLzA2XC9JTUdfNjkwMC1zY2FsZWQuanBnIiwic2xpZGVzaG93IjoiMDViMmFlYyJ9\" href='https:\/\/www.gsandr.pl\/wp-content\/uploads\/2024\/06\/IMG_6900-scaled.jpg'><img loading=\"lazy\" decoding=\"async\" width=\"150\" height=\"150\" src=\"https:\/\/www.gsandr.pl\/wp-content\/uploads\/2024\/06\/IMG_6900-150x150.jpg\" class=\"attachment-thumbnail size-thumbnail\" alt=\"\" srcset=\"https:\/\/www.gsandr.pl\/wp-content\/uploads\/2024\/06\/IMG_6900-150x150.jpg 150w, https:\/\/www.gsandr.pl\/wp-content\/uploads\/2024\/06\/IMG_6900-300x300.jpg 300w, https:\/\/www.gsandr.pl\/wp-content\/uploads\/2024\/06\/IMG_6900-100x100.jpg 100w\" sizes=\"(max-width: 150px) 100vw, 150px\" \/><\/a>\n\t\t\t<\/dt><\/dl><dl class='gallery-item'>\n\t\t\t<dt class='gallery-icon landscape'>\n\t\t\t\t<a data-elementor-open-lightbox=\"yes\" data-elementor-lightbox-slideshow=\"05b2aec\" data-elementor-lightbox-title=\"IMG_6910\" data-e-action-hash=\"#elementor-action%3Aaction%3Dlightbox%26settings%3DeyJpZCI6NjM3MywidXJsIjoiaHR0cHM6XC9cL3d3dy5nc2FuZHIucGxcL3dwLWNvbnRlbnRcL3VwbG9hZHNcLzIwMjRcLzA2XC9JTUdfNjkxMC1zY2FsZWQuanBnIiwic2xpZGVzaG93IjoiMDViMmFlYyJ9\" href='https:\/\/www.gsandr.pl\/wp-content\/uploads\/2024\/06\/IMG_6910-scaled.jpg'><img loading=\"lazy\" decoding=\"async\" width=\"150\" height=\"150\" src=\"https:\/\/www.gsandr.pl\/wp-content\/uploads\/2024\/06\/IMG_6910-150x150.jpg\" class=\"attachment-thumbnail size-thumbnail\" alt=\"\" srcset=\"https:\/\/www.gsandr.pl\/wp-content\/uploads\/2024\/06\/IMG_6910-150x150.jpg 150w, https:\/\/www.gsandr.pl\/wp-content\/uploads\/2024\/06\/IMG_6910-300x300.jpg 300w, https:\/\/www.gsandr.pl\/wp-content\/uploads\/2024\/06\/IMG_6910-100x100.jpg 100w\" sizes=\"(max-width: 150px) 100vw, 150px\" \/><\/a>\n\t\t\t<\/dt><\/dl><dl class='gallery-item'>\n\t\t\t<dt class='gallery-icon portrait'>\n\t\t\t\t<a data-elementor-open-lightbox=\"yes\" data-elementor-lightbox-slideshow=\"05b2aec\" data-elementor-lightbox-title=\"IMG_6913\" data-e-action-hash=\"#elementor-action%3Aaction%3Dlightbox%26settings%3DeyJpZCI6NjM3NCwidXJsIjoiaHR0cHM6XC9cL3d3dy5nc2FuZHIucGxcL3dwLWNvbnRlbnRcL3VwbG9hZHNcLzIwMjRcLzA2XC9JTUdfNjkxMy1zY2FsZWQuanBnIiwic2xpZGVzaG93IjoiMDViMmFlYyJ9\" href='https:\/\/www.gsandr.pl\/wp-content\/uploads\/2024\/06\/IMG_6913-scaled.jpg'><img loading=\"lazy\" decoding=\"async\" width=\"150\" height=\"150\" src=\"https:\/\/www.gsandr.pl\/wp-content\/uploads\/2024\/06\/IMG_6913-150x150.jpg\" class=\"attachment-thumbnail size-thumbnail\" alt=\"\" srcset=\"https:\/\/www.gsandr.pl\/wp-content\/uploads\/2024\/06\/IMG_6913-150x150.jpg 150w, https:\/\/www.gsandr.pl\/wp-content\/uploads\/2024\/06\/IMG_6913-300x300.jpg 300w, https:\/\/www.gsandr.pl\/wp-content\/uploads\/2024\/06\/IMG_6913-100x100.jpg 100w\" sizes=\"(max-width: 150px) 100vw, 150px\" \/><\/a>\n\t\t\t<\/dt><\/dl><dl class='gallery-item'>\n\t\t\t<dt class='gallery-icon portrait'>\n\t\t\t\t<a data-elementor-open-lightbox=\"yes\" data-elementor-lightbox-slideshow=\"05b2aec\" data-elementor-lightbox-title=\"IMG_6915\" data-e-action-hash=\"#elementor-action%3Aaction%3Dlightbox%26settings%3DeyJpZCI6NjM3NSwidXJsIjoiaHR0cHM6XC9cL3d3dy5nc2FuZHIucGxcL3dwLWNvbnRlbnRcL3VwbG9hZHNcLzIwMjRcLzA2XC9JTUdfNjkxNS1zY2FsZWQuanBnIiwic2xpZGVzaG93IjoiMDViMmFlYyJ9\" href='https:\/\/www.gsandr.pl\/wp-content\/uploads\/2024\/06\/IMG_6915-scaled.jpg'><img loading=\"lazy\" decoding=\"async\" width=\"150\" height=\"150\" src=\"https:\/\/www.gsandr.pl\/wp-content\/uploads\/2024\/06\/IMG_6915-150x150.jpg\" class=\"attachment-thumbnail size-thumbnail\" alt=\"\" srcset=\"https:\/\/www.gsandr.pl\/wp-content\/uploads\/2024\/06\/IMG_6915-150x150.jpg 150w, https:\/\/www.gsandr.pl\/wp-content\/uploads\/2024\/06\/IMG_6915-300x300.jpg 300w, https:\/\/www.gsandr.pl\/wp-content\/uploads\/2024\/06\/IMG_6915-100x100.jpg 100w\" sizes=\"(max-width: 150px) 100vw, 150px\" \/><\/a>\n\t\t\t<\/dt><\/dl><dl class='gallery-item'>\n\t\t\t<dt class='gallery-icon portrait'>\n\t\t\t\t<a data-elementor-open-lightbox=\"yes\" data-elementor-lightbox-slideshow=\"05b2aec\" data-elementor-lightbox-title=\"IMG_6916\" data-e-action-hash=\"#elementor-action%3Aaction%3Dlightbox%26settings%3DeyJpZCI6NjM3NiwidXJsIjoiaHR0cHM6XC9cL3d3dy5nc2FuZHIucGxcL3dwLWNvbnRlbnRcL3VwbG9hZHNcLzIwMjRcLzA2XC9JTUdfNjkxNi1zY2FsZWQuanBnIiwic2xpZGVzaG93IjoiMDViMmFlYyJ9\" href='https:\/\/www.gsandr.pl\/wp-content\/uploads\/2024\/06\/IMG_6916-scaled.jpg'><img loading=\"lazy\" decoding=\"async\" width=\"150\" height=\"150\" src=\"https:\/\/www.gsandr.pl\/wp-content\/uploads\/2024\/06\/IMG_6916-150x150.jpg\" class=\"attachment-thumbnail size-thumbnail\" alt=\"\" srcset=\"https:\/\/www.gsandr.pl\/wp-content\/uploads\/2024\/06\/IMG_6916-150x150.jpg 150w, https:\/\/www.gsandr.pl\/wp-content\/uploads\/2024\/06\/IMG_6916-300x300.jpg 300w, https:\/\/www.gsandr.pl\/wp-content\/uploads\/2024\/06\/IMG_6916-100x100.jpg 100w\" sizes=\"(max-width: 150px) 100vw, 150px\" \/><\/a>\n\t\t\t<\/dt><\/dl><br style=\"clear: both\" \/><dl class='gallery-item'>\n\t\t\t<dt class='gallery-icon portrait'>\n\t\t\t\t<a data-elementor-open-lightbox=\"yes\" data-elementor-lightbox-slideshow=\"05b2aec\" data-elementor-lightbox-title=\"IMG_6920\" data-e-action-hash=\"#elementor-action%3Aaction%3Dlightbox%26settings%3DeyJpZCI6NjM3NywidXJsIjoiaHR0cHM6XC9cL3d3dy5nc2FuZHIucGxcL3dwLWNvbnRlbnRcL3VwbG9hZHNcLzIwMjRcLzA2XC9JTUdfNjkyMC1zY2FsZWQuanBnIiwic2xpZGVzaG93IjoiMDViMmFlYyJ9\" href='https:\/\/www.gsandr.pl\/wp-content\/uploads\/2024\/06\/IMG_6920-scaled.jpg'><img loading=\"lazy\" decoding=\"async\" width=\"150\" height=\"150\" src=\"https:\/\/www.gsandr.pl\/wp-content\/uploads\/2024\/06\/IMG_6920-150x150.jpg\" class=\"attachment-thumbnail size-thumbnail\" alt=\"\" srcset=\"https:\/\/www.gsandr.pl\/wp-content\/uploads\/2024\/06\/IMG_6920-150x150.jpg 150w, https:\/\/www.gsandr.pl\/wp-content\/uploads\/2024\/06\/IMG_6920-300x300.jpg 300w, https:\/\/www.gsandr.pl\/wp-content\/uploads\/2024\/06\/IMG_6920-100x100.jpg 100w\" sizes=\"(max-width: 150px) 100vw, 150px\" \/><\/a>\n\t\t\t<\/dt><\/dl><dl class='gallery-item'>\n\t\t\t<dt class='gallery-icon landscape'>\n\t\t\t\t<a data-elementor-open-lightbox=\"yes\" data-elementor-lightbox-slideshow=\"05b2aec\" data-elementor-lightbox-title=\"IMG_6928\" data-e-action-hash=\"#elementor-action%3Aaction%3Dlightbox%26settings%3DeyJpZCI6NjM3OCwidXJsIjoiaHR0cHM6XC9cL3d3dy5nc2FuZHIucGxcL3dwLWNvbnRlbnRcL3VwbG9hZHNcLzIwMjRcLzA2XC9JTUdfNjkyOC1zY2FsZWQuanBnIiwic2xpZGVzaG93IjoiMDViMmFlYyJ9\" href='https:\/\/www.gsandr.pl\/wp-content\/uploads\/2024\/06\/IMG_6928-scaled.jpg'><img loading=\"lazy\" decoding=\"async\" width=\"150\" height=\"150\" src=\"https:\/\/www.gsandr.pl\/wp-content\/uploads\/2024\/06\/IMG_6928-150x150.jpg\" class=\"attachment-thumbnail size-thumbnail\" alt=\"\" srcset=\"https:\/\/www.gsandr.pl\/wp-content\/uploads\/2024\/06\/IMG_6928-150x150.jpg 150w, https:\/\/www.gsandr.pl\/wp-content\/uploads\/2024\/06\/IMG_6928-300x300.jpg 300w, https:\/\/www.gsandr.pl\/wp-content\/uploads\/2024\/06\/IMG_6928-100x100.jpg 100w\" sizes=\"(max-width: 150px) 100vw, 150px\" \/><\/a>\n\t\t\t<\/dt><\/dl><dl class='gallery-item'>\n\t\t\t<dt class='gallery-icon portrait'>\n\t\t\t\t<a data-elementor-open-lightbox=\"yes\" data-elementor-lightbox-slideshow=\"05b2aec\" data-elementor-lightbox-title=\"IMG_6930\" data-e-action-hash=\"#elementor-action%3Aaction%3Dlightbox%26settings%3DeyJpZCI6NjM3OSwidXJsIjoiaHR0cHM6XC9cL3d3dy5nc2FuZHIucGxcL3dwLWNvbnRlbnRcL3VwbG9hZHNcLzIwMjRcLzA2XC9JTUdfNjkzMC1zY2FsZWQuanBnIiwic2xpZGVzaG93IjoiMDViMmFlYyJ9\" href='https:\/\/www.gsandr.pl\/wp-content\/uploads\/2024\/06\/IMG_6930-scaled.jpg'><img loading=\"lazy\" decoding=\"async\" width=\"150\" height=\"150\" src=\"https:\/\/www.gsandr.pl\/wp-content\/uploads\/2024\/06\/IMG_6930-150x150.jpg\" class=\"attachment-thumbnail size-thumbnail\" alt=\"\" srcset=\"https:\/\/www.gsandr.pl\/wp-content\/uploads\/2024\/06\/IMG_6930-150x150.jpg 150w, https:\/\/www.gsandr.pl\/wp-content\/uploads\/2024\/06\/IMG_6930-300x300.jpg 300w, https:\/\/www.gsandr.pl\/wp-content\/uploads\/2024\/06\/IMG_6930-100x100.jpg 100w\" sizes=\"(max-width: 150px) 100vw, 150px\" \/><\/a>\n\t\t\t<\/dt><\/dl><dl class='gallery-item'>\n\t\t\t<dt class='gallery-icon portrait'>\n\t\t\t\t<a data-elementor-open-lightbox=\"yes\" data-elementor-lightbox-slideshow=\"05b2aec\" data-elementor-lightbox-title=\"IMG_6932\" data-e-action-hash=\"#elementor-action%3Aaction%3Dlightbox%26settings%3DeyJpZCI6NjM4MCwidXJsIjoiaHR0cHM6XC9cL3d3dy5nc2FuZHIucGxcL3dwLWNvbnRlbnRcL3VwbG9hZHNcLzIwMjRcLzA2XC9JTUdfNjkzMi1zY2FsZWQuanBnIiwic2xpZGVzaG93IjoiMDViMmFlYyJ9\" href='https:\/\/www.gsandr.pl\/wp-content\/uploads\/2024\/06\/IMG_6932-scaled.jpg'><img loading=\"lazy\" decoding=\"async\" width=\"150\" height=\"150\" src=\"https:\/\/www.gsandr.pl\/wp-content\/uploads\/2024\/06\/IMG_6932-150x150.jpg\" class=\"attachment-thumbnail size-thumbnail\" alt=\"\" srcset=\"https:\/\/www.gsandr.pl\/wp-content\/uploads\/2024\/06\/IMG_6932-150x150.jpg 150w, https:\/\/www.gsandr.pl\/wp-content\/uploads\/2024\/06\/IMG_6932-300x300.jpg 300w, https:\/\/www.gsandr.pl\/wp-content\/uploads\/2024\/06\/IMG_6932-100x100.jpg 100w\" sizes=\"(max-width: 150px) 100vw, 150px\" \/><\/a>\n\t\t\t<\/dt><\/dl><dl class='gallery-item'>\n\t\t\t<dt class='gallery-icon landscape'>\n\t\t\t\t<a data-elementor-open-lightbox=\"yes\" data-elementor-lightbox-slideshow=\"05b2aec\" data-elementor-lightbox-title=\"IMG_6933\" data-e-action-hash=\"#elementor-action%3Aaction%3Dlightbox%26settings%3DeyJpZCI6NjM4MSwidXJsIjoiaHR0cHM6XC9cL3d3dy5nc2FuZHIucGxcL3dwLWNvbnRlbnRcL3VwbG9hZHNcLzIwMjRcLzA2XC9JTUdfNjkzMy1zY2FsZWQuanBnIiwic2xpZGVzaG93IjoiMDViMmFlYyJ9\" href='https:\/\/www.gsandr.pl\/wp-content\/uploads\/2024\/06\/IMG_6933-scaled.jpg'><img loading=\"lazy\" decoding=\"async\" width=\"150\" height=\"150\" src=\"https:\/\/www.gsandr.pl\/wp-content\/uploads\/2024\/06\/IMG_6933-150x150.jpg\" class=\"attachment-thumbnail size-thumbnail\" alt=\"\" srcset=\"https:\/\/www.gsandr.pl\/wp-content\/uploads\/2024\/06\/IMG_6933-150x150.jpg 150w, https:\/\/www.gsandr.pl\/wp-content\/uploads\/2024\/06\/IMG_6933-300x300.jpg 300w, https:\/\/www.gsandr.pl\/wp-content\/uploads\/2024\/06\/IMG_6933-100x100.jpg 100w\" sizes=\"(max-width: 150px) 100vw, 150px\" \/><\/a>\n\t\t\t<\/dt><\/dl><br style=\"clear: both\" \/>\n\t\t<\/div>\n\t\t<\/div>\n\t\t\t\t\t\t<\/div>\n\t\t\t\t<\/div>\n\t\t\t\t\t<\/div>\n\t\t<\/div>\n\t\t\t\t\t<\/div>\n\t\t<\/section>\n\t\t\t\t<\/div>\n\t\t","protected":false},"excerpt":{"rendered":"<p>AKCJA: warsztaty z udzielania pierwszej pomocy przedmedycznej TERMIN: 20 czerwca 2024, godz.: 15:00-19:00 MIEJSCE: Centrum Sportowo Rehabilitacyjne WUM ORGANIZATORZY: CSR WUM, GARMIN Swimming &amp; Rescue, Fundacja Mniejszy B\u0142\u0119kit PARTNER:\u00a0GARMIN Polska KOSZT: udzia\u0142 w warsztatach jest BEZP\u0141ATNY! WARUNKI UCZESTNICTWA: uko\u0144czone 18 lat, przes\u0142anie formularza zg\u0142oszeniowego.\u00a0 SESJE: 1 \u2013 15:00-16:00, 2\u00a0\u2013 16:00-17:00,\u00a03 \u2013 17:00-18:00, 4\u00a0\u2013 18:00-19:00<\/p>\n","protected":false},"author":1,"featured_media":0,"parent":0,"menu_order":0,"comment_status":"closed","ping_status":"closed","template":"","meta":{"om_disable_all_campaigns":false,"_monsterinsights_skip_tracking":false,"_monsterinsights_sitenote_active":false,"_monsterinsights_sitenote_note":"","_monsterinsights_sitenote_category":0,"postBodyCss":"","postBodyMargin":[],"postBodyPadding":[],"postBodyBackground":{"backgroundType":"classic","gradient":""},"footnotes":""},"class_list":["post-6280","page","type-page","status-publish","hentry"],"aioseo_notices":[],"_links":{"self":[{"href":"https:\/\/www.gsandr.pl\/index.php\/wp-json\/wp\/v2\/pages\/6280","targetHints":{"allow":["GET"]}}],"collection":[{"href":"https:\/\/www.gsandr.pl\/index.php\/wp-json\/wp\/v2\/pages"}],"about":[{"href":"https:\/\/www.gsandr.pl\/index.php\/wp-json\/wp\/v2\/types\/page"}],"author":[{"embeddable":true,"href":"https:\/\/www.gsandr.pl\/index.php\/wp-json\/wp\/v2\/users\/1"}],"replies":[{"embeddable":true,"href":"https:\/\/www.gsandr.pl\/index.php\/wp-json\/wp\/v2\/comments?post=6280"}],"version-history":[{"count":34,"href":"https:\/\/www.gsandr.pl\/index.php\/wp-json\/wp\/v2\/pages\/6280\/revisions"}],"predecessor-version":[{"id":6384,"href":"https:\/\/www.gsandr.pl\/index.php\/wp-json\/wp\/v2\/pages\/6280\/revisions\/6384"}],"wp:attachment":[{"href":"https:\/\/www.gsandr.pl\/index.php\/wp-json\/wp\/v2\/media?parent=6280"}],"curies":[{"name":"wp","href":"https:\/\/api.w.org\/{rel}","templated":true}]}}